lculate the remainder when 71 is divided by s.
17
Suppose -3*j + 21*w = 16*w - 49, -w = 5. Calculate the remainder when 30 is divided by j.
6
Suppose -8*m = -3*m - 235. Suppose 3 - m = -2*h. Let x(g) = -g**3 + g**2 - 3*g + 62. What is the remainder when x(0) is divided by h?
18
Let m = 25 - 20. Suppose -11*r = -m*r - 24. What is the remainder when ((-5)/r)/((-13)/884) is divided by 22?
19
Let x(y) be the second derivative of -y**5/20 + y**4/12 + 5*y**3/3 + 4*y. Calculate the remainder when 35 is divided by x(3).
11
Suppose 12 = -3*l + 33. Suppose l*d = 341 + 30. What is the remainder when d is divided by 9?
8
Let o(l) = 4*l**2 + 18*l + 41. What is the remainder when o(-8) is divided by 52?
49
Suppose 5*n = -76*r + 79*r - 305, r - 4*n - 111 = 0. Suppose 3*q + 35 = 83. What is the remainder when r is divided by q?
15
Suppose -r = 9 - 10. Let f be ((-7)/(-21))/(r/6). Let a(c) = 5*c**2 - 3*c. Calculate the remainder when 26 is divided by a(f).
12
Let u be 66 + 6/(1 - -2). Suppose -2*x - 3*d = -3*x + 2, 0 = -4*x - 3*d + u. What is the remainder when x is divided by 4?
2
Suppose 9*r - 126 = 2*r. Calculate the remainder when 30 is divided by (0 - 33)*(-6)/r.
8
Let m(a) = -2*a**2 + 10*a - 6. Let w be m(6). Let r = 24 + w. Suppose -4*f - 5*i + 18 = 0, -5*i + 3 + 3 = -2*f. What is the remainder when r is divided by f?
0
Let i = -264 + 133. Let o = -70 - i. Suppose 3*u - 96 = -0*u. Calculate the remainder when o is divided by u.
29
What is the remainder when 14/28*12*9 is divided by 15 - ((-6)/(-4))/(3/8)?
10
Let d(h) = -6*h + 3. Let l be d(-9). Suppose l = -3*m + 5*c, -2*m = -4*m + 5*c - 43. Let z = 23 + m. Calculate the remainder when 34 is divided by z.
7
Let u = 1225 - 1203. Calculate the remainder when 590 is divided by u.
18
Suppose 60 + 43 = j. Suppose c - 3*m = -4*c + 350, -4*c = 5*m - 243. Let z = c + -41. What is the remainder when j is divided by z?
25
Suppose t - f = 3, 14*f + 15 = 3*t + 13*f. Calculate the remainder when 89 is divided by t.
5
Let p(d) = -82*d + 18. What is the remainder when p(-3) is divided by 30?
24
Let i be (-13 - 1)*1/6*-39. Let z = i - 74. Let a(f) = 7*f**2 + f + 2. Calculate the remainder when a(2) is divided by z.
15
Let t be 2/7 + 614/7. Let w = -59 + t. Let q = -1618 - -1702. Calculate the remainder when q is divided by w.
26
Suppose 8*m + 5*q - 226 = 0, 104 = 4*m - 0*m - 2*q. What is the remainder when (-1904)/(-18) + (-10)/(-45) is divided by m?
25
Let i(z) = -2*z - 23. Let x be i(-13). Suppose x*y = -4 + 37. Let u(b) = 10*b + 2. What is the remainder when u(5) is divided by y?
8
Let j(n) = 2*n**2 + 20*n + 97. Calculate the remainder when j(-15) is divided by 21.
16
Suppose 21*q + 296 = 1535. What is the remainder when 230 is divided by q?
53
What is the remainder when (-1 - 0/(-3))/((-4)/44) is divided by 7?
4
Calculate the remainder when (-2)/(-9) - 8743/(-63) is divided by 14.
13
Calculate the remainder when (-32)/(-40) + (-10755)/(-25) + -4 is divided by 39.
37
Let i = 88 + -36. What is the remainder when i is divided by 18?
16
Suppose h = 4*x - 0*h - 152, 168 = 4*x + 3*h. What is the remainder when x is divided by 20?
19
Suppose -273*s + 2523 = -244*s. What is the remainder when s is divided by 37?
13
Let s(b) = -8*b**3 - b**2 - 9*b + 1. Calculate the remainder when s(-3) is divided by 12.
7
Let s = -40 - -44. Suppose -s*u = -13 - 23. Calculate the remainder when 69 is divided by u.
6
Let w(h) = h**3 + 6*h**2 + 3*h + 1. What is the remainder when (-246)/(-12) - (0 + 3/(-6)) is divided by w(-5)?
10
Suppose -5*v - 2*c = c - 2074, 0 = 3*c + 6. What is the remainder when v is divided by 22?
20
Suppose -74*c + 3304 = -18*c. Calculate the remainder when c is divided by 29.
1
Let x(v) = 4*v + 4. Let t(k) = -1. Let a(f) = 5*t(f) - x(f). Suppose -34*l + 3562 = 1114. Calculate the remainder when l is divided by a(-6).
12
Suppose d - 163 = 5*k, d - 143 = -k + 2*k. Calculate the remainder when d is divided by 70.
68
Suppose -2*u = -4*x + 50, -27 + 7 = -3*x - 2*u. Calculate the remainder when 139 is divided by x.
9
Let y = 22 + -19. Let b = -809 - -828. Calculate the remainder when b is divided by y.
1
Suppose -z + 3 + 85 = 0. Suppose 0 = 7*n - z + 25. What is the remainder when 33 is divided by n?
6
Let d(c) = -2*c**3 + 42*c**2 + 4*c - 10. Calculate the remainder when d(21) is divided by 2.
0
Let y(h) = -36*h + 37. Calculate the remainder when y(-8) is divided by 158.
9
Suppose w - 5 = -2*d - 4, 5*w = -d + 32. Let i(z) = 12*z - 95. What is the remainder when i(10) is divided by w?
4
Let m(o) = -o**2 + 5*o + 8. What is the remainder when 11/22 - 5/(-2) is divided by m(6)?
1
Let p = -1593 - -1613. Suppose 0 = 4*q - 356 + 48. Calculate the remainder when q is divided by p.
17
Let t(l) = 2*l - 8. Let o be t(9). Suppose 0 = 2*h - o*h + 128. Calculate the remainder when 74 is divided by h.
10
Let m = 560 - 523. What is the remainder when 50 is divided by m?
13
Calculate the remainder when 84 is divided by 2/(153/(-27) + 6).
0
Let t(m) = -7*m**3 + 49*m**2 + 9*m - 13. Calculate the remainder when 397 is divided by t(7).
47
Suppose 13*k + 444 - 1133 = 0. Calculate the remainder when k is divided by 27.
26
Let j = 339 + -313. Calculate the remainder when 57 is divided by j.
5
Let x = -2 + 2. Suppose t + x - 3 = 0. Suppose 375 = 19*q - 474 + 716. Calculate the remainder when q is divided by t.
1
Let o(x) = -x**2 + 9*x - 1. Let b be o(7). Suppose 0 = k - 5*s + 2*s - b, 2*k - 2*s - 26 = 0. Calculate the remainder when 24 is divided by k.
11
Let p = -30 + 42. Calculate the remainder when -3*44*10/(-20) is divided by ((-34)/6)/((-4)/p).
15
Let b be (60/(-25))/(1/(-35)). Let a = -56 + b. Calculate the remainder when a is divided by 15.
13
What is the remainder when (-8)/20 - (-4191)/15 is divided by 94?
91
Suppose -1346 = -3*z - 4*s, -s + 176 - 1088 = -2*z. Suppose 0 = 2*v + v - 51. What is the remainder when (-6)/14 - z/(-14) is divided by v?
15
Suppose 3*t = 3*n + 705, -3*t - n + 333 + 380 = 0. What is the remainder when t is divided by 48?
45
Let g(i) = -2*i**2 - 16*i + 13. What is the remainder when g(-6) is divided by 31?
6
Suppose 9*l = -113 + 212. Let x(i) = i**2 - i - 5. Calculate the remainder when x(-6) is divided by l.
4
Let t = -102 - -104. Let d = t + 21. Calculate the remainder when 299/7 - 10/(-35) is divided by d.
20
Let b(n) = -2*n + 44. Calculate the remainder when b(-21) is divided by 26.
8
Suppose -2*s - 19*h + 24*h + 442 = 0, 2*s + 4*h - 460 = 0. What is the remainder when s is divided by 4?
2
Suppose -5*g = 2*d + 2*d - 36, 12 = 4*g - d. Suppose -6*r = -8*r + 6. Suppose -r*k = k - 20. What is the remainder when k is divided by g?
1
Let q = 29 - 65. Let a = 73 + q. Calculate the remainder when a is divided by 10.
7
Calculate the remainder when 65 is divided by -7 + (-192)/(-8) + -1 + -2.
9
What is the remainder when 487 is divided by 4/10*(-9 + 259 + -5)?
95
Let t be (8 - -1)*(-10)/(-15). Let a(i) = -t + 3*i + 30 - i. What is the remainder when 4 is divided by a(-11)?
0
Let p = 139 - 98. Calculate the remainder when (0 + 4)/((-37)/(-1110)) is divided by p.
38
Let a = 556 - 520. Calculate the remainder when a is divided by (0 + 2/2)*19.
17
Let f = 2171 - 2159. Suppose 6*q - 4*q - 8 = 0. Suppose 2 + 10 = q*c. Calculate the remainder when f is divided by c.
0
Suppose 0 = -372*p + 373*p - 12. Calculate the remainder when 188 is divided by p.
8
Suppose -2*d - 6 - 4 = 0, 3*t + 2*d = -4. Let b(p) = -p**3 + 7*p**2 + 7*p + 17. Let v be 5 - 2/2*-3. Calculate the remainder when b(v) is divided by t.
1
Let w(g) = -g**3 + 12*g**2 - 12*g + 2. Let r(i) = 2*i**2 - 6*i - 4. What is the remainder when w(3) is divided by r(5)?
15
Let b = -58 + 154. Let r be (-1 - 26/2)/(-2). Suppose -n - b = -r*n. Calculate the remainder when 78 is divided by n.
14
Let m(n) = n**2 - n + 109. Suppose -15*b + 442 - 22 = 0. Calculate the remainder when m(0) is divided by b.
25
Let b(g) = -g**3 - 8*g**2 - g + 11. Let t be b(-8). Let u = 14 - t. Let x(i) = i**3 + 6*i**2 + 5*i + 4. Calculate the remainder when 19 is divided by x(u).
3
Let z be 0 + (-44 + 2)/(-1). Let s = z - 27. What is the remainder when 29 is divided by s?
14
Let g = 15 - 5. What is the remainder when 8 is divided by ((-14)/(-4))/(g/20)?
1
Suppose 2*g - 12 = 28. What is the remainder 